)/(3/18).
48
Let c = 16104 + -15947. What is the remainder when 563 is divided by c?
92
Let z(l) = 119*l - 1379. What is the remainder when z(12) is divided by 15?
4
Suppose -16 = 33*i - 478. Suppose -7869 = -i*t + 3821. What is the remainder when t is divided by 93?
91
Let n(j) = 264*j - 962. Calculate the remainder when 594 is divided by n(4).
30
Let v(u) = -202*u + 2093. What is the remainder when v(6) is divided by 40?
1
Let k(s) = 5*s - 16. Let q be k(3). Suppose 2*d - 9 = 43. Calculate the remainder when d is divided by (-2)/(-4)*5*(-2)/q.
1
Suppose -2*k = 5*h - 22, -5*h + k - 2*k = -21. Suppose 0*p + 2*p = -56. Let w = p - -29. Calculate the remainder when h is divided by w.
0
Suppose 437 = 5*p + 112. What is the remainder when p is divided by (-4 - (-740)/24) + 44/264?
11
Let b(v) = -2*v**2 - 67*v - 419. What is the remainder when 922 is divided by b(-10)?
4
Suppose 35*v - 37*v = -124. What is the remainder when 54 is divided by (1 + 1)*v/4?
23
Suppose -7*v = 3*q - 2*v - 28, 5*v + 27 = 2*q. Suppose 2*k = 26 - 20. Suppose 8*s - 30 = k*s. What is the remainder when q is divided by s?
5
Let i(a) = -18*a**3 + 5*a + 14. Let y(j) = -20*j**3 + 5*j + 13. Let p(t) = 5*i(t) - 4*y(t). Calculate the remainder when p(-2) is divided by 15.
13
Suppose -5*d + 22*r = 17*r - 825, 1023 = 6*d + 5*r. What is the remainder when 2180 is divided by d?
164
Suppose 3*k - 4*s - 98 = 0, -5*k - 3*s + 28 = -116. Calculate the remainder when 540 is divided by k.
0
Let h = 2695 + -2560. What is the remainder when 66553 is divided by h?
133
Suppose 6*x - 16*x = -1900. Let m = x + -23. Calculate the remainder when m is divided by 21.
20
Suppose 0 = 33*m - 28*m + 1620. Calculate the remainder when (-39)/(-4) + 1/4 is divided by (-19)/(-4) - 405/m.
4
Calculate the remainder when 89 is divided by (-143)/(-2) - 117/(-78).
16
Calculate the remainder when -302*(-27)/6*(-14)/(-42) is divided by 7.
5
Suppose 0 = 5*c + 16*m - 19*m - 16, -2*c - m + 13 = 0. What is the remainder when 4359 is divided by c?
4
Let r(s) = -68*s**2 - 3*s - 4 - s + 289*s**2. Suppose -3*g - 3*y + 99 = 0, 3*g + 6*y = y + 109. What is the remainder when r(-1) is divided by g?
25
Suppose -8*g - 16*g + 6840 = 0. Calculate the remainder when g is divided by 43.
27
Let t(q) = -7*q - 29 - 3073*q**2 + 3074*q**2 - 7. What is the remainder when 36 is divided by t(-5)?
12
Let m(z) = -2*z**3 + 3*z**2 + z + 4. Let g be (3/9)/(2/30). Suppose -4*k - g*r = -122, 0*r = r - 2. What is the remainder when m(-3) is divided by k?
26
What is the remainder when (-3 - 78/65)*-85 is divided by 8?
5
Let m(b) = 20*b + 2659. What is the remainder when 4156 is divided by m(-64)?
19
Calculate the remainder when 666 is divided by ((-1544)/(-10) - -10) + (-4 - 69/(-15)).
6
Suppose 3*n = 3*o + 507, -3*o = -2*n + 379 - 42. Let k be -14*(-4 - 14/(-4)). Suppose -k*i + 425 + n = 0. Calculate the remainder when i is divided by 44.
41
Let r(u) = -7*u**3 - 8*u**2 + 2*u + 1. Let t be r(-3). Let m = t - 58. Calculate the remainder when m is divided by 19.
16
Let a(p) = -p**2 - 48*p - 514. Calculate the remainder when 1338 is divided by a(-31).
12
Suppose 4*u + 2*k - 100 = -0*k, -u + 47 = -5*k. Let t = 1671 - 1557. Calculate the remainder when t is divided by u.
6
Suppose 488*s + 282*s - 502472 = -404*s. Suppose 0 = -4*m + 7*m - 54. What is the remainder when s is divided by m?
14
Let p = -93 + 86. Let v(j) = -47*j + 3. Calculate the remainder when v(p) is divided by 37.
36
Suppose 2*l - 3*c - 26 = 0, -4*c = -c + 6. Suppose 646 = 5*h + 186. Calculate the remainder when h is divided by 24*(-7)/((-105)/l).
12
Suppose -2*l + 5*f + 654 = -57, -5*f + 15 = 0. What is the remainder when l is divided by 160?
43
Let l = 1130 - 622. What is the remainder when (-4 + l)*(-24)/(-28) is divided by 62?
60
Suppose -3*k + 2*r + 2*r = -1280, 0 = k + 2*r - 410. Suppose k = 29*h - 9*h. What is the remainder when h is divided by 114/8 + (-2)/8?
7
Let r be ((-69)/6 + 8)/((-2)/156). Calculate the remainder when 375 is divided by (r/(-77) - -3)*-11.
3
Suppose -100 = -2*k + 8. Let y(a) = a**3 - 8*a**2 + 3*a + 11. Let b be y(6). Let u = k + b. Calculate the remainder when 42 is divided by u.
9
Let f(w) = w**2 - w - 7. Let c be f(4). Suppose 0 = 5*b + 5, b - 324 = -c*m - 0*m. Calculate the remainder when m is divided by (1 - 0)*(-23)/(-1).
19
Let p = -79 + 88. Suppose -p = 13*a - 48. Suppose 34 = 5*u + 14, a*j - 5*u - 238 = 0. Calculate the remainder when j is divided by 22.
20
Let z(o) = -8*o + 6*o**2 + 3*o**2 + 5 + 3 + 5*o**2 - o**3. Suppose 0 = 56*f - 44*f - 156. What is the remainder when z(f) is divided by 15?
13
Let l(y) = -y**2 - 17*y + 8. Let f be l(-17). Suppose -f + 9 = -j. Calculate the remainder when 61 is divided by j - (-16 + (-1 - -2 - 2)).
13
Suppose 4*j - 6*j = g + 352, 2*j + 368 = 3*g. Let k = j + 250. Calculate the remainder when k is divided by 44.
28
Suppose -20*t - 36 = -22*t. Suppose t*m - 19*m - 8 = 0. What is the remainder when 34/10 + m/20 - -17 is divided by 12?
8
Let c = -376 - -374. Calculate the remainder when 117 is divided by (2/3)/(c - (-748)/372).
55
Suppose 44*b = 46*b - 14. Calculate the remainder when 413 is divided by ((-160)/70)/(((-2)/b)/2).
13
What is the remainder when 221 is divided by ((-2)/(-10))/((-125)/(-36250))?
47
Let m = 16 - -2. Suppose 0 = -9*u - u + 90. Calculate the remainder when -8*(m/3)/(-3) is divided by u.
7
Calculate the remainder when 1161 is divided by (-8)/(79 + 1) - 2247/(-70).
9
Let n(l) = -l**3 - 3*l**2 + 8*l + 27. Let q be n(-3). Suppose 752 = 5*p + j, -p + q*p = j + 305. What is the remainder when p is divided by 20?
11
Let h = 90 + -88. What is the remainder when -1 - 64/(-72) - 812/(-18) is divided by h?
1
Let z = -605 + 669. Calculate the remainder when 1532 is divided by z.
60
Let n(o) = -46 + 26*o**2 - 334*o**3 + 9*o - 3 + 335*o**3. Let i be n(-25). Suppose 3*m + 0*m - i = 0. Calculate the remainder when m is divided by 15.
12
Let k(g) = 6*g**2 - 52*g - 23. Let s(c) = -5*c**2 + 50*c + 24. Let f(b) = -6*k(b) - 7*s(b). What is the remainder when f(-35) is divided by 39?
36
What is the remainder when (-54898)/(-42) + (-396)/4158 is divided by 434?
5
Let i = -5668 - -5758. Calculate the remainder when 2157 is divided by i.
87
Let q(x) = 3 - 26 + 83 - 13*x**2 - 10*x - x**3 - 13. Calculate the remainder when q(-12) is divided by 12.
11
Let h be (-1 - 25/(-35))*-7. Suppose 5*l = -3*o + 45, 3*l = -h*o + 26 + 1. Calculate the remainder when 224 is divided by l.
8
Let c(l) = 14*l + 623. What is the remainder when 420 is divided by c(-33)?
98
Let i = 8381 + 3453. What is the remainder when i is divided by 185?
179
Let p = 8019 + -8011. Calculate the remainder when 1991 is divided by p.
7
Let t be (2/(-6) + 0)/((-1)/3). Let z be (-37)/2*(-1 + (t - 26)). Suppose 215 = 12*l - z. Calculate the remainder when l is divided by 16.
10
Let i be (2/(-1) + 1734/24)*-4. Let j = 314 + i. What is the remainder when 44 is divided by j?
11
Suppose -41*a + 84*a - 11524 = 0. Calculate the remainder when a is divided by 252.
16
Let o(u) = -3*u**3 - 6*u**2 - 15*u - 14. Let p(f) = 2*f**3 + 6*f**2 + 15*f + 15. Let t(a) = 3*o(a) + 4*p(a). Calculate the remainder when t(8) is divided by 8.
2
Suppose -3*t + 3381 = 3*h, 2239 = -56*h + 58*h + 5*t. What is the remainder when h is divided by 20?
12
Let a(b) = b**2 - b. Let g be a(-2). Let t(u) = -3*u + 4. What is the remainder when (5 + (-24)/g)*(65 + -2) is divided by t(-4)?
15
Let y(s) = 2*s**3 + 18*s**2 - 3*s + 6. Let h be y(-9). Suppose h*f - 3*f = 1200. Calculate the remainder when 94 is divided by f.
14
Let g be (-12)/48 + (-1 - 26/(-8)). Calculate the remainder when (g - 8/2)/(10/(-85)) is divided by 1.
0
Suppose -15*d = 7*d - 110. Suppose -c = -j - 17 + 26, 3*j - 17 = d*c. Let s = 11 + -8. Calculate the remainder when j is divided by s.
2
Suppose 21*h - 455 - 679 = 0. Calculate the remainder when 112 is divided by h.
4
Let y(z) = z**3 - 13*z**2 + 71*z - 69. What is the remainder when y(8) is divided by 78?
23
Let c = 102 + -96. Suppose -c + 0 = 6*f. Let m = f + 23. What is the remainder when 39 is divided by m?
17
Suppose -t + 28 = -5*p, 5*t + p = -3*p + 53. Suppose -3*o = -t + 1. What is the remainder when 14 is divided by o?
2
Suppose -9*j + 11*j = 0. Suppose j = b - 74 - 76.